1)/(1391/348 - 4). Suppose 1686 = 6*f - b. Is f a prime number?
False
Suppose 2*k - 365 = -3*k. Let m = -44 + k. Let l = m - -18. Is l a prime number?
True
Suppose -2*z + 2450 = 5*d, 0*z = 5*d - z - 2435. Let j = -189 + d. Is j a prime number?
False
Let f be ((0 - 12)/2)/1. Let p be 70*(-1)/(f/51). Suppose p = -2*u + 7*u. Is u composite?
True
Let o = 672 + 7547. Is o a prime number?
True
Let l = 96 - 62. Let m = l - -54. Suppose -3*c = -239 - m. Is c a prime number?
True
Let z(o) = 2*o + 4*o**2 - 3*o + 5 - 3*o**2. Let n be z(4). Suppose -x - 5*s = n, s = x - 5 - 2. Is x prime?
True
Suppose -39 = -12*g + 21. Is 4/(-6) + -451*g/(-3) a composite number?
False
Is 11293 - ((-56)/(-7) - 14) prime?
True
Suppose -4*k + 3*d + 64 = -d, -2*k = d - 35. Suppose 2*n + k = v, 0 = 3*v - 6*n + 2*n - 55. Is v a prime number?
False
Let n = 39 + -69. Is (5/n - 4762/12)/(-1) composite?
False
Suppose 0 = -9*r - 6 + 42. Suppose -7*b - 8396 = -2*n - r*b, -4*n + 16802 = -b. Is n composite?
False
Let w(m) = -11*m - 67. Let p be w(-6). Is (6 - 707/(-2))/(p/(-2)) prime?
True
Let f(t) = 31*t**2 - 18*t + 2. Let c be f(-9). Suppose -c = 25*h - 30*h. Is h composite?
True
Suppose -1 = d, -48217 = -4*m + 3*d + 2*d. Is m prime?
False
Let b = -26 + -2. Is b/7 + (-2 - -425) prime?
True
Suppose 5*q - 13 = -3. Suppose -b - k = 197, -q*b + 5*b = -4*k - 594. Let m = 307 + b. Is m prime?
True
Let w = -7 - 11. Let x be 0*(-3)/w*2. Suppose -2*y - 3*m + 46 = x, -49 - 66 = -5*y + 3*m. Is y composite?
False
Suppose q = 637 + 958. Suppose 1593 = 2*w - 0*w + 5*t, -2*w - 3*t = -q. Is w prime?
False
Suppose -7 + 23 = 4*u. Suppose -5*v - 5 = -5*q, 5*q + u = -1. Let d(p) = -15*p**3 + 3*p**2 + p + 1. Is d(v) a composite number?
False
Let v = -2 - -5. Suppose 3 + 15 = v*g. Let k(y) = y**3 + 6*y**2 - 10*y + 7. Is k(g) a prime number?
True
Suppose -o = 3*r - 25783, 2*r + 5*o - 1647 = 15546. Is r composite?
True
Let f(c) = c**3 - 17*c + 5*c**3 - 4*c**3 + 1 + 7*c**2. Is f(8) a composite number?
True
Let j(o) = 1436*o - 189. Is j(8) prime?
True
Let w be (-6 + 7)/(1/9). Suppose -4*c - 5*i = w, -c + 24 = -4*i - 0*i. Suppose -c*r - 3*z + 230 = 0, 3*z + 110 = 2*r - 14. Is r a composite number?
False
Let p be ((-140)/8)/(-7)*-258. Let u = -283 - p. Let q = -151 + u. Is q a prime number?
True
Let i(o) = -7*o**3 - 8*o**2 + 14*o - 76. Is i(-9) a prime number?
True
Suppose 4647 = 3*o - 4*l, 0 = -5*l - 0*l + 15. Is o a composite number?
False
Let z = -18 - -24. Is (-1149)/(-6) - 3/z a composite number?
False
Let w = -70174 + 119733. Is w a prime number?
True
Is -17026*((-75)/(-10) - 8) prime?
True
Let g = -14 - -19. Suppose -g*c + 91 + 109 = 0. Suppose 2*s = -2*z + c, -3*s + 2 = -s. Is z prime?
True
Let n(a) = 11*a**3 - 9*a**2 - 33*a - 25. Is n(14) prime?
False
Let l(r) = 166*r - 4. Let a be l(4). Let h = a + -167. Is h composite?
True
Let i(d) = -372*d + 1. Suppose 0 = 7*p + 14 + 7. Is i(p) a prime number?
True
Let z(o) = o**2 + 5 + 423*o**3 - 6 - 103*o**3. Let d be z(1). Let m = -191 + d. Is m a prime number?
False
Is (-4996)/3*78/(-52) composite?
True
Let g(y) = -4469*y + 442. Is g(-21) a prime number?
True
Let g be -8*(-121)/2*1. Suppose 9 = -j + 3*h, 4*j - 2*j = 4*h - 10. Suppose 111 = -2*p - d + g, -3*d - 546 = -j*p. Is p composite?
True
Let q = -2323 + 4302. Is q prime?
True
Suppose -l - 88 = -3*l. Let o = -354 - -69. Let s = l - o. Is s a prime number?
False
Suppose l + 2*l - 1371 = 0. Let p = l + -303. Is 4/14 - (-13662)/p a composite number?
False
Suppose -k + 11 = 8. Let n be 3*-1 + (1 - k). Let o(s) = 21*s**2 - 11*s + 7. Is o(n) prime?
True
Let g = -337 - -630. Suppose -h + 146 = 3*c, c = -2*h - 26 + g. Is h prime?
True
Let f = 162874 + -101489. Is f a composite number?
True
Let m = -20 + 22. Let o(b) = -b + 4. Let n be o(m). Suppose n*i - 1082 = -184. Is i prime?
True
Let f = 102 - 99. Suppose -3444 = -f*p - 3*z, 4*z + 14 = 2. Is p a prime number?
True
Let x(d) = -d**2 + 4. Let f be x(0). Suppose -2*j = -0*j - 10, -4*b + 12 = f*j. Is (38/(-4))/(b/92) composite?
True
Let x(m) = 21086*m**2 + m + 2. Let u be x(2). Suppose -2*y - y - u = 0. Is y/(-60) + (-2)/(-5) a prime number?
False
Let k = -55 - -54. Is 25108/20 - k*(-8)/20 a prime number?
False
Let g be ((-2916)/16 + -4)*-4. Suppose -5*q - 6*z + g = -2*z, 0 = 2*q - z - 285. Is q a prime number?
False
Let h = 1434 - -4129. Suppose -4 = -p - 0, 5*o + 2*p - h = 0. Suppose -2*w - o = -5*a, 2*a - 659 + 220 = -w. Is a prime?
False
Suppose 0 = 10*i - 16*i + 690. Is i composite?
True
Let i(n) = -2*n**3 - 8*n**2 + 5*n - 8. Let j be i(7). Let w = j - -1494. Is w a composite number?
False
Let z(t) = -t**2 - 10*t - 13. Let w be z(-8). Let c be 6*w*(3 - -16). Suppose -3*o + 3*v = 505 - 1525, -o - v = -c. Is o prime?
False
Let k(c) = -822*c - 75. Is k(-3) a prime number?
False
Let u = 211978 - 127437. Is u prime?
False
Let b(m) = -1619*m + 17. Is b(-6) composite?
True
Suppose -2*y = -2*r - r + 3, -38 = -3*y - 4*r. Suppose 5*d - y*d = 0. Suppose 0*i - 2*i + 2198 = d. Is i a composite number?
True
Let l be ((-4)/(-1) - 4)/2. Suppose l = a - 109 - 52. Is a composite?
True
Is (-60064)/(-12) + -4 + 1/(-3) a composite number?
True
Let k = 354 + -209. Is k/(-2)*(-30)/25 a prime number?
False
Let d(v) = v**2 - v - 2. Let a be d(-2). Let u be (1254 + -2)*10/a. Suppose -2*n - 4*f = -1226, n + u = 6*n - 3*f. Is n a composite number?
True
Suppose -m - 4*d - 150 = -2*m, 4*m - 654 = -2*d. Suppose -3*n = 6, 2*i + 0*i - m = -2*n. Is i composite?
False
Let w(g) = -2*g - 8. Let h be w(-10). Suppose -2*x + 5*x - h = 0. Suppose 8*u - x*u = 452. Is u composite?
False
Let b(g) = -53*g**2 + 181*g**2 + 2 + 175*g**2 - 1. Let d be 2/13 - (120/(-13))/5. Is b(d) a prime number?
True
Suppose 0*j - j - 149 = 2*q, 293 = -4*q - j. Let f = -37 - q. Is f composite?
True
Let w be 138 + 3/((-9)/(-6)). Let u = w - -41. Is u a prime number?
True
Suppose -4*v = -91 - 1. Let b(r) = -48 + 30 + 36*r + v. Is b(4) prime?
True
Let b(h) = 31*h**2 + 35*h - 7. Is b(15) a composite number?
True
Let b be (-47)/(-5)*(-4 + -1) - -1. Suppose 4*a = -2*h - 23 + 79, 0 = 5*a - 3*h - 92. Let f = a - b. Is f composite?
True
Let k(m) = 2*m**3 - 11*m**2 - 30*m + 21. Is k(14) prime?
False
Suppose 0 = -12*b + 16*b - 10444. Suppose -b = -5*p - 2*k, 2*p = 5*k + 301 + 726. Is p prime?
True
Let b = -2 - -4. Let c(f) = 25*f + 13*f - 17*f + 27*f - 1. Is c(b) prime?
False
Let m(v) = -2*v**3 + 6*v**2 - 6*v + 4. Let h be m(6). Let j = 191 - h. Is j a composite number?
False
Let r(b) = 24*b + 11. Is r(17) a prime number?
True
Suppose -2*t = -12 - 6. Let m(z) = -z**3 + 8*z**2 + 7*z + 12. Let b be m(t). Is b/((-24)/1484)*1 a prime number?
False
Suppose c = 6*c - 3*y - 2128, 1280 = 3*c - 5*y. Let q be 6/((-40)/336*18/(-100)). Let x = c - q. Is x composite?
True
Let p = 6228 + -3817. Is p a prime number?
True
Let k = -21 + 8. Let a = -18 - k. Is (-3)/a + 908/20 prime?
False
Suppose 0*h + 2*h = -5*l + 4276, 3*l = -2*h + 4284. Suppose -3*b = b - h. Is b a composite number?
True
Let d(q) be the third derivative of 2*q**4/3 - q**3/3 - q**2. Let v be d(1). Let j = -7 + v. Is j a prime number?
True
Let u(r) = r**3 + r**2 + 2*r + 2. Let i be u(2). Let k = i + -16. Suppose -a + 5*a + 610 = k*n, 5*a = -2*n + 628. Is n prime?
False
Let s(d) = d**2 + d - 3. Let n be s(-3). Let i(z) = 615*z + 2. Is i(n) a prime number?
True
Let j(v) = -2*v + 1 - 1 - 5 - 5. Let w be j(-9). Is ((-34)/w)/((-3)/84) composite?
True
Suppose -4*b - 2*a - a = -3, -3*a + 3 = 2*b. Let c(k) = b - 2*k - k**3 - 5 + 2 - 8*k**2 - 6. Is c(-8) a prime number?
True
Suppose -w + 26 = 5*l, 23 = 3*l + l + 3*w. Suppose -d = -t - 0*d, 3*t - l*d - 6 = 0. Is -1 + 3 + (462 - t) composite?
False
Let k be 70 - ((-3 - -4) + -3). Suppose 5*x + k = 1537. Is x a prime number?
True
Let b(j) = j**3 + 14*j**2 + 11*j + 1. Let k = -67 - -55. Is b(k) a composite number?
False
Let w be (2/(-4))/(11/44). Let r be 3/(-5) + 1224/(-10). Let j = w - r. Is j a composite number?
True
Let h(c) = 11*c**3 + 13*c**2 + c + 5. Let j(f) = 10*f**3 + 12*f**2 + f + 4. Let g(p) = -5*h(p) + 6*j(p). Is g(6) a prime number?
False
Let b(j) = -2*j**2 - 2. Let m be -4 + 1 + 4 + -1. Let c be b(m). Is c/8 + 14312/32 composite?
True
Suppose -3*n + 1270 = -2*j, -3*n + j + 174 = -1094. Is (n/(-4))/((-3)/6) a prime number?
True
L